{"id":348,"date":"2025-12-25T12:36:25","date_gmt":"2025-12-25T12:36:25","guid":{"rendered":"http:\/\/www.basrolajans.com\/?page_id=348"},"modified":"2025-12-25T17:13:03","modified_gmt":"2025-12-25T17:13:03","slug":"cast-ajansi","status":"publish","type":"page","link":"https:\/\/www.basrolajans.com\/?page_id=348","title":{"rendered":"Cast Ajans\u0131"},"content":{"rendered":"\n\n\n<h2 class=\"wp-block-heading\">Film ajanslar\u0131 genelde sinema filmlerine cast hizmeti veren firmalard\u0131r. Film ajanslar\u0131 olarak verdi\u011fimiz hizmet ile sevdi\u011finiz filmlerde rol alma \u015fans\u0131n\u0131 yakalayabilirsiniz.<\/h2>\n\n\n\n<p>Cast ajanslar\u0131 sinemalara, dizilere oyuncu temini sa\u011flarken ayn\u0131 zamanda t\u00fcm film yap\u0131mlar\u0131na da yeni y\u00fczler kazand\u0131rmaktad\u0131r. \u00dclkemizde son zamanlarda film yap\u0131mlar\u0131 art\u0131\u015f g\u00f6sterirken oyuncu ihtiyac\u0131 da bu y\u00f6nde artmaktad\u0131r. Bu noktada&nbsp;<strong>film ajanslar\u0131<\/strong>&nbsp;yap\u0131m \u015firketlerine yeni y\u00fczler kazand\u0131rmak i\u00e7in oyuncu ba\u015fvurusu toplarlar. E\u011fer sizde bir filmde rol almak istiyorsan\u0131z yapman\u0131z gereken ilk \u015fey film ajanslar\u0131na ba\u015fvuru yapmak olacakt\u0131r.<\/p>\n\n\n\n<p>Yetenek oyunculuk i\u00e7in \u00f6nemli kriter olurken ayn\u0131 zamanda mimik kullan\u0131m\u0131 da bir o kadar \u00f6nemlidir. Hem oyunculuk yetene\u011fi hem de mimikleriniz kuvvetli ise ba\u015far\u0131l\u0131 olmamak i\u00e7in bir neden olmad\u0131\u011f\u0131n\u0131 d\u00fc\u015f\u00fcn\u00fcyoruz. Bu kabiliyetlerin yan\u0131 s\u0131ra filmlerde, dizilerde yada di\u011fer televizyon yap\u0131mlar\u0131nda \u00e7al\u0131\u015fmak istiyorsan\u0131z ve hedeflerinizde ger\u00e7ekten oyunculuk varsa var olan yetene\u011finizi geli\u015ftirmek ad\u0131na e\u011fitim almal\u0131s\u0131n\u0131z. D\u00fcnyaca \u00fcnl\u00fc sinema oyuncular\u0131 bile halen e\u011fitimlerine devam etmektedirler.<\/p>\n\n\n\n<p>\u00dclkemizde her sene bir \u00e7ok film beyaz perdeye giriyor. Yo\u011fun bir emek harcanan bu filmlerin \u00e7ekimleri ba\u015flamadan \u00f6nce filmlere yeni y\u00fczler ve yeni oyuncular aranmaktad\u0131r. \u0130\u015fte bu filmlerde sizde rol almak istiyor ve oyunculuk kariyerinize ba\u015flang\u0131\u00e7 yapmak istiyorsan\u0131z en k\u0131sa ve en g\u00fcvenilir yol film ajanslar\u0131 aras\u0131ndan se\u00e7im yaparak ba\u015fvuruda bulunmakt\u0131r.<\/p>\n\n\n\n<p>\u00dclkemizde film, sinema, dizi gibi yap\u0131mlar\u0131n artmas\u0131 ile film,\u00a0<strong>sinema ajanslar\u0131<\/strong>\u00a0say\u0131s\u0131da artm\u0131\u015f bulunmaktad\u0131r. Bu y\u00fczden y\u00fczlerce\u00a0<strong><u>film ajanslar\u0131<\/u><\/strong>\u00a0aras\u0131ndan kaliteli, g\u00fcvenilir ve profesyonel olan\u0131 se\u00e7meniz son derece \u00f6nemlidir. Faaliyete ge\u00e7ti\u011fi ilk g\u00fcnden bu yana sinema, dizi ve filmlere say\u0131s\u0131z yeni y\u00fcz kazand\u0131ran Ba\u015frol Ajans firmas\u0131 size yard\u0131mc\u0131 olacakt\u0131r.<\/p>\n\n\n\n<p>T\u00fcrkiye\u2019nin ilk ve en b\u00fcy\u00fck cast ajans\u0131 olan Ba\u015frol Ajans, 2009\u2019den itibaren oyuncu ajans\u0131,dizi ajans\u0131,reklam ajans\u0131 ve mankenlik ajans\u0131 ile sekt\u00f6re hizmet vermektedir. Oyunculuk temini konusunda profesyonel hizmetler ile faaliyete ge\u00e7ti\u011fi ilk g\u00fcnden bu yana film sekt\u00f6r\u00fcndeki fark\u0131n\u0131 ve kalitesini ortaya koymu\u015ftur.<\/p>\n\n\n\n<p><strong>Film ajanslar\u0131<\/strong>\u00a0olarak hizmet verdi\u011fimiz ve sevdi\u011finiz dizi yada filmlerde rol alma \u015fans\u0131n\u0131 yakalayabilirsiniz. Tek yapman\u0131z gereken \u015fey sitemizde bulunan ba\u015fvuru formunu eksiksiz doldurman\u0131z olacakt\u0131r. Filmlerde rol almak i\u00e7in do\u011fru adres Ba\u015frol Ajans. Sizlerde oyunculuk kariyerinize emin ad\u0131mlar ile ba\u015flamak istiyorsan\u0131z Ba\u015frol Ajans\u2019\u0131n sitesinde bulunan ba\u015fvuru formunu doldurabilirsiniz.<\/p>\n","protected":false},"excerpt":{"rendered":"<p>Film ajanslar\u0131 genelde sinema filmlerine cast hizmeti veren firmalard\u0131r. Film ajanslar\u0131 olarak verdi\u011fimiz hizmet ile sevdi\u011finiz filmlerde rol alma \u015fans\u0131n\u0131 yakalayabilirsiniz. Cast ajanslar\u0131 sinemalara, dizilere oyuncu temini sa\u011flarken ayn\u0131 zamanda t\u00fcm film yap\u0131mlar\u0131na da yeni y\u00fczler kazand\u0131rmaktad\u0131r. \u00dclkemizde son zamanlarda film yap\u0131mlar\u0131 art\u0131\u015f g\u00f6sterirken oyuncu ihtiyac\u0131 da bu y\u00f6nde artmaktad\u0131r. Bu noktada&nbsp;film ajanslar\u0131&nbsp;yap\u0131m \u015firketlerine yeni [&hellip;]<\/p>\n","protected":false},"author":1,"featured_media":0,"parent":0,"menu_order":0,"comment_status":"closed","ping_status":"closed","template":"single-product","meta":{"saved_in_kubio":false,"footnotes":""},"class_list":["post-348","page","type-page","status-publish","hentry"],"kubio_ai_page_context":{"short_desc":"","purpose":"general"},"_links":{"self":[{"href":"https:\/\/www.basrolajans.com\/index.php?rest_route=\/wp\/v2\/pages\/348","targetHints":{"allow":["GET"]}}],"collection":[{"href":"https:\/\/www.basrolajans.com\/index.php?rest_route=\/wp\/v2\/pages"}],"about":[{"href":"https:\/\/www.basrolajans.com\/index.php?rest_route=\/wp\/v2\/types\/page"}],"author":[{"embeddable":true,"href":"https:\/\/www.basrolajans.com\/index.php?rest_route=\/wp\/v2\/users\/1"}],"replies":[{"embeddable":true,"href":"https:\/\/www.basrolajans.com\/index.php?rest_route=%2Fwp%2Fv2%2Fcomments&post=348"}],"version-history":[{"count":1,"href":"https:\/\/www.basrolajans.com\/index.php?rest_route=\/wp\/v2\/pages\/348\/revisions"}],"predecessor-version":[{"id":350,"href":"https:\/\/www.basrolajans.com\/index.php?rest_route=\/wp\/v2\/pages\/348\/revisions\/350"}],"wp:attachment":[{"href":"https:\/\/www.basrolajans.com\/index.php?rest_route=%2Fwp%2Fv2%2Fmedia&parent=348"}],"curies":[{"name":"wp","href":"https:\/\/api.w.org\/{rel}","templated":true}]}}