{"id":332,"date":"2025-12-25T12:15:35","date_gmt":"2025-12-25T12:15:35","guid":{"rendered":"http:\/\/www.basrolajans.com\/?page_id=332"},"modified":"2025-12-26T13:26:52","modified_gmt":"2025-12-26T13:26:52","slug":"klip-ajansi","status":"publish","type":"page","link":"https:\/\/www.basrolajans.com\/?page_id=332","title":{"rendered":"Klip Ajans\u0131"},"content":{"rendered":"\n\n\n<p>Dans etmeye yetene\u011fi olan, dans etmeyi sevenler klip dans\u00e7\u0131s\u0131 olarak sevdi\u011fikleri i\u015fi zevkle yapabilirler. Ba\u015frol Ajans size gereken hassasiyeti g\u00f6stererek g\u00fcveninizi kazanacak ve ilerleyen zamanlarda yeterli beceriye sahip profesyonel klip dans\u00e7\u0131s\u0131 konumuna geleceksiniz. Bir\u00e7ok \u00fcnl\u00fc sanat\u00e7\u0131yla \u00e7al\u0131\u015fabilir, kliplerinde onlara e\u015flik edebilir zamanla tan\u0131nan bir dans\u00e7\u0131 haline gelebilirsiniz. Klip\u2019e uygun dans fig\u00fcrlerini sergileyerek zamanla aranan klip dans\u00e7\u0131s\u0131 olabilirsiniz. Bazen klipler, \u015fark\u0131n\u0131n \u00f6n\u00fcne ge\u00e7erek izleyenlere keyif vermektedir bir\u00e7ok sanat\u00e7\u0131 klibine \u00f6zen g\u00f6stermektedir. \u015eark\u0131n\u0131n ritmine uygun bir dans ve klip dans\u00e7\u0131lar\u0131 ile birlikte sanat\u00e7\u0131 ba\u015far\u0131l\u0131 bir klip olu\u015fturur ve ona bu ba\u015far\u0131s\u0131nda klip dans\u00e7\u0131lar\u0131 e\u015flik eder. \u00c7ok kolay bir \u015fekilde ba\u015fvurabilir sizde klip dans\u00e7\u0131s\u0131 olup yetene\u011finizi konu\u015fturabilirsiniz.<br>G\u00fcn\u00fcm\u00fczde klipler \u00f6n planda olmakla beraber klip dans\u00e7\u0131lar\u0131, \u00e7e\u015fitli organizasyonlarda a\u00e7\u0131l\u0131\u015flarda, etkinliklerde yer alabilirler. Profesyonel bir dans\u00e7\u0131 olmak imk\u00e2ns\u0131z de\u011fildir hi\u00e7 kimse do\u011fu\u015ftan profesyonel dans edebilme yetene\u011fine sahip de\u011fildir. Dans etmek \u00e7ok kolay bir i\u015f olmay\u0131p \u00f6zg\u00fcven gerektirmektedir. Bu yolda eme\u011finizi, zaman\u0131n\u0131z\u0131, \u00e7aban\u0131z\u0131 harcayarak hedefinize ula\u015fabilir ve profesyonel bir dans\u00e7\u0131 olabilirsiniz. Kendiniz uygun dans stilini se\u00e7in bale hari\u00e7 yetene\u011finize bir\u00e7ok dans\u0131 ayn\u0131 anda yapabilirsiniz. Klip dans\u00e7\u0131s\u0131 olmak istiyorsan\u0131z olumsuz d\u00fc\u015f\u00fcncelere tamamen kapat\u0131n kendinizi ve ona g\u00f6re hareket edin daha \u00f6nceden deneyip, ba\u015faramayan insanlar\u0131n sizi y\u0131ld\u0131rmas\u0131na izin vermeyin sonu\u00e7 itibariyle herkes ayn\u0131 de\u011fildir. \u0130nanc\u0131n\u0131z, konsantrasyonunuz, beceriniz ve yapt\u0131\u011f\u0131n\u0131z prati\u011finizle profesyonel bir dans\u00e7\u0131 haline gelebilirsiniz.<br>M\u00fckemmel bir dans\u00e7\u0131n\u0131n v\u00fccudunun esnek olmas\u0131 gerekir, \u00e7e\u015fitli sporlar yaparak v\u00fccudunuzu dans etmeye m\u00fcsait bir esnekli\u011fe getirebilirsiniz. Klip dans\u00e7\u0131s\u0131 olarak hem severek hem de profesyonel bir \u015fekilde i\u015finizi yapabilirsiniz. Yapt\u0131\u011f\u0131n\u0131z i\u015f e\u011flenceli oldu\u011fu i\u00e7in kendinizi s\u00fcrekli pozitif hissedeceksiniz. Baz\u0131 klipler \u015fark\u0131lar\u0131n daha \u00e7ok dinlenmesine ve izlenmesine sebep olur. Bu klip dans\u00e7\u0131lar\u0131n\u0131n sergiledi\u011fi dans performans\u0131 sayesindedir. Profesyonel dans\u00e7\u0131lar olan, klip dans\u00e7\u0131lar\u0131 sanat\u00e7\u0131ya e\u015flik edip uygun ritimde dans ederler. Profesyonel bir dans\u00e7\u0131 olarak hedeflerinize ula\u015fabilirsiniz.<\/p>\n","protected":false},"excerpt":{"rendered":"<p>Dans etmeye yetene\u011fi olan, dans etmeyi sevenler klip dans\u00e7\u0131s\u0131 olarak sevdi\u011fikleri i\u015fi zevkle yapabilirler. Ba\u015frol Ajans size gereken hassasiyeti g\u00f6stererek g\u00fcveninizi kazanacak ve ilerleyen zamanlarda yeterli beceriye sahip profesyonel klip dans\u00e7\u0131s\u0131 konumuna geleceksiniz. Bir\u00e7ok \u00fcnl\u00fc sanat\u00e7\u0131yla \u00e7al\u0131\u015fabilir, kliplerinde onlara e\u015flik edebilir zamanla tan\u0131nan bir dans\u00e7\u0131 haline gelebilirsiniz. Klip\u2019e uygun dans fig\u00fcrlerini sergileyerek zamanla aranan klip [&hellip;]<\/p>\n","protected":false},"author":1,"featured_media":0,"parent":0,"menu_order":0,"comment_status":"closed","ping_status":"closed","template":"single-product","meta":{"saved_in_kubio":false,"footnotes":""},"class_list":["post-332","page","type-page","status-publish","hentry"],"kubio_ai_page_context":{"short_desc":"","purpose":"general"},"_links":{"self":[{"href":"https:\/\/www.basrolajans.com\/index.php?rest_route=\/wp\/v2\/pages\/332","targetHints":{"allow":["GET"]}}],"collection":[{"href":"https:\/\/www.basrolajans.com\/index.php?rest_route=\/wp\/v2\/pages"}],"about":[{"href":"https:\/\/www.basrolajans.com\/index.php?rest_route=\/wp\/v2\/types\/page"}],"author":[{"embeddable":true,"href":"https:\/\/www.basrolajans.com\/index.php?rest_route=\/wp\/v2\/users\/1"}],"replies":[{"embeddable":true,"href":"https:\/\/www.basrolajans.com\/index.php?rest_route=%2Fwp%2Fv2%2Fcomments&post=332"}],"version-history":[{"count":1,"href":"https:\/\/www.basrolajans.com\/index.php?rest_route=\/wp\/v2\/pages\/332\/revisions"}],"predecessor-version":[{"id":334,"href":"https:\/\/www.basrolajans.com\/index.php?rest_route=\/wp\/v2\/pages\/332\/revisions\/334"}],"wp:attachment":[{"href":"https:\/\/www.basrolajans.com\/index.php?rest_route=%2Fwp%2Fv2%2Fmedia&parent=332"}],"curies":[{"name":"wp","href":"https:\/\/api.w.org\/{rel}","templated":true}]}}