{"id":3,"date":"2025-12-24T14:52:10","date_gmt":"2025-12-24T14:52:10","guid":{"rendered":"http:\/\/www.basrolajans.com\/?page_id=3"},"modified":"2025-12-26T13:26:30","modified_gmt":"2025-12-26T13:26:30","slug":"privacy-policy","status":"publish","type":"page","link":"https:\/\/www.basrolajans.com\/?page_id=3","title":{"rendered":"Hakk\u0131m\u0131zda"},"content":{"rendered":"\n\n\n<h2 class=\"wp-block-heading\">Hakk\u0131m\u0131zda<\/h2>\n\n\n\n<p>Ba\u015frol Ajans, dizi, sinema filmi ve reklam projeleri i\u00e7in do\u011fru y\u00fczleri do\u011fru yap\u0131mlarla bulu\u015fturmak amac\u0131yla kurulmu\u015f bir oyuncu ve cast ajans\u0131d\u0131r.<br>Her ya\u015ftan kad\u0131n, erkek ve \u00e7ocuk yeteneklere kap\u0131 a\u00e7an ajans\u0131m\u0131z; sekt\u00f6rde yer almak isteyen yeni y\u00fczleri profesyonel yap\u0131mc\u0131lar, y\u00f6netmenler ve markalarla bir araya getirir.<\/p>\n\n\n\n<p>Ba\u015frol Ajans olarak s\u00fcrecin her a\u015famas\u0131nda \u015feffaf, g\u00fcvenilir ve etik bir anlay\u0131\u015fla hareket eder; adaylar\u0131m\u0131z\u0131n geli\u015fimini destekleyerek sekt\u00f6re sa\u011flam ad\u0131mlarla girmelerini hedefleriz. Amac\u0131m\u0131z sadece oyuncu bulmak de\u011fil, do\u011fru projeye do\u011fru ki\u015fiyi kazand\u0131rmakt\u0131r.<\/p>\n\n\n\n<h2 class=\"wp-block-heading\">Vizyonumuz<\/h2>\n\n\n\n<p>T\u00fcrkiye\u2019nin ve yak\u0131n co\u011frafyan\u0131n en g\u00fcvenilir ve tercih edilen cast ajanslar\u0131ndan biri olmak;<br>yeni yeteneklerin ke\u015ffedildi\u011fi, kariyerlerin ba\u015flad\u0131\u011f\u0131 ve yap\u0131mlar\u0131n vazge\u00e7ilmez \u00e7\u00f6z\u00fcm orta\u011f\u0131 haline gelmek.<\/p>\n\n\n\n<h2 class=\"wp-block-heading\">Misyonumuz<\/h2>\n\n\n\n<ul class=\"wp-block-list\">\n<li>Dizi, sinema ve reklam projeleri i\u00e7in nitelikli ve uygun oyuncu se\u00e7imini sa\u011flamak<\/li>\n\n\n\n<li>Yeni y\u00fczlere f\u0131rsat e\u015fitli\u011fi sunarak sekt\u00f6re kazand\u0131rmak<\/li>\n\n\n\n<li>Oyuncu adaylar\u0131n\u0131 do\u011fru y\u00f6nlendirme ve bilgilendirme ile bilin\u00e7li bir kariyer s\u00fcrecine haz\u0131rlamak<\/li>\n\n\n\n<li>Yap\u0131mc\u0131 ve markalara h\u0131zl\u0131, g\u00fcvenilir ve profesyonel cast hizmeti sunmak<\/li>\n\n\n\n<li>Etik de\u011ferlere ba\u011fl\u0131, \u015feffaf ve s\u00fcrd\u00fcr\u00fclebilir bir ajans anlay\u0131\u015f\u0131yla sekt\u00f6rde fark yaratmak<\/li>\n<\/ul>\n","protected":false},"excerpt":{"rendered":"<p>Hakk\u0131m\u0131zda Ba\u015frol Ajans, dizi, sinema filmi ve reklam projeleri i\u00e7in do\u011fru y\u00fczleri do\u011fru yap\u0131mlarla bulu\u015fturmak amac\u0131yla kurulmu\u015f bir oyuncu ve cast ajans\u0131d\u0131r.Her ya\u015ftan kad\u0131n, erkek ve \u00e7ocuk yeteneklere kap\u0131 a\u00e7an ajans\u0131m\u0131z; sekt\u00f6rde yer almak isteyen yeni y\u00fczleri profesyonel yap\u0131mc\u0131lar, y\u00f6netmenler ve markalarla bir araya getirir. Ba\u015frol Ajans olarak s\u00fcrecin her a\u015famas\u0131nda \u015feffaf, g\u00fcvenilir ve etik [&hellip;]<\/p>\n","protected":false},"author":1,"featured_media":0,"parent":0,"menu_order":0,"comment_status":"closed","ping_status":"open","template":"single-product","meta":{"saved_in_kubio":false,"footnotes":""},"class_list":["post-3","page","type-page","status-publish","hentry"],"kubio_ai_page_context":{"short_desc":"","purpose":"general"},"_links":{"self":[{"href":"https:\/\/www.basrolajans.com\/index.php?rest_route=\/wp\/v2\/pages\/3","targetHints":{"allow":["GET"]}}],"collection":[{"href":"https:\/\/www.basrolajans.com\/index.php?rest_route=\/wp\/v2\/pages"}],"about":[{"href":"https:\/\/www.basrolajans.com\/index.php?rest_route=\/wp\/v2\/types\/page"}],"author":[{"embeddable":true,"href":"https:\/\/www.basrolajans.com\/index.php?rest_route=\/wp\/v2\/users\/1"}],"replies":[{"embeddable":true,"href":"https:\/\/www.basrolajans.com\/index.php?rest_route=%2Fwp%2Fv2%2Fcomments&post=3"}],"version-history":[{"count":1,"href":"https:\/\/www.basrolajans.com\/index.php?rest_route=\/wp\/v2\/pages\/3\/revisions"}],"predecessor-version":[{"id":308,"href":"https:\/\/www.basrolajans.com\/index.php?rest_route=\/wp\/v2\/pages\/3\/revisions\/308"}],"wp:attachment":[{"href":"https:\/\/www.basrolajans.com\/index.php?rest_route=%2Fwp%2Fv2%2Fmedia&parent=3"}],"curies":[{"name":"wp","href":"https:\/\/api.w.org\/{rel}","templated":true}]}}